ivided by m?
12
Suppose 2*m = -5*t + m + 11, -8 = -3*t - 2*m. Suppose 2*b - 162 = -3*d, -b + 67 = -0*d - t*d. What is the remainder when b is divided by 11?
9
Let l(a) = -a**2 + 12. Suppose m = 5*m + 492. Let p = -77 - m. What is the remainder when p is divided by l(0)?
10
Suppose t - d = 4*t - 1613, -2655 = -5*t + 5*d. What is the remainder when t is divided by 11?
8
Let g be (-6)/(-10) + (-66)/10. Let j(n) = n**2 + 5*n + 14. What is the remainder when 76 is divided by j(g)?
16
Let c be (-2 + 6/4)*4. What is the remainder when 105 is divided by (1 + 28 + c)*1?
24
Let m = 477 - 340. Let l(a) = -248*a - 972. What is the remainder when m is divided by l(-4)?
17
Suppose 1 = -4*g - 5*r, -3*r - 20 = -g + 1. Suppose 7*s - 109 = -39. What is the remainder when s is divided by g?
4
Let f = 89 + -43. Suppose -4 - 2 = -3*o, -b + f = o. Calculate the remainder when b is divided by (-44)/(-3) + (-1)/(-3).
14
Suppose 0 = -4*o - 5*d + 387, 0 = -2*o + 3*d - 7*d + 198. Suppose 5*x + 317 - 22 = 0. Let n = o + x. Calculate the remainder when 99 is divided by n.
31
Suppose 111 = -26*z + 2841. What is the remainder when 243 is divided by z?
33
Let v = -610 + 637. Suppose 651 = 4*k + 235. Calculate the remainder when k is divided by v.
23
Suppose -4*t = -224 - 16. Let s = t + -31. What is the remainder when s is divided by 5?
4
Suppose -4*j - 2*x = -174, 3*j - 2*j = -4*x + 40. What is the remainder when j is divided by ((-54)/(-12))/(2/4)?
8
Suppose 0 = -11*x - 2816 + 13717. What is the remainder when x is divided by 71?
68
Let r be ((-4)/4)/(1/27). Suppose 5*l = 5*s + 3*l + 67, 0 = 5*s - 3*l + 68. Let n = s - r. Calculate the remainder when 40 is divided by n.
12
Let j = -2 + 7. Let t(g) = 13*g + j*g - 4*g. Calculate the remainder when t(2) is divided by 10.
8
Let p(i) = 10*i + 113. Calculate the remainder when 35 is divided by p(-10).
9
Suppose -2*c + 5*c + 28 = -2*x, 2*x + 12 = -c. Let j be (-8)/(-2)*(-26)/c. Let w = 28 - j. What is the remainder when 58 is divided by w?
13
Let v(a) = -97*a - 4. What is the remainder when v(-1) is divided by 50?
43
Let p(r) = r**3 + 10*r**2 - 25*r - 4. Let g be p(-12). Suppose 0 = g*h - 60 - 276. What is the remainder when 161 is divided by h?
35
Let t(k) = -2*k + 2. Let l be t(2). Let b be -1 + (-3 - -2) + l. Calculate the remainder when 2/(-4) - 134/b is divided by 12.
9
Suppose 23*f = 14*f + 72. Calculate the remainder when 59 is divided by f.
3
Let x = -363 + 388. Let f(p) = 4*p - 1. Let r be f(1). Suppose r = -n - 4*z + 4, 0 = -5*n + 2*z + 71. What is the remainder when x is divided by n?
12
Suppose 0 = -9*j + 4 + 41. Suppose 660 = j*m - 0*m. Calculate the remainder when m is divided by 19.
18
Suppose 203 + 185 = 4*s + 4*l, 4*l - 4 = 0. Suppose 2*y - 346 - s = 0. Calculate the remainder when y is divided by 56.
53
Suppose -5*u + 12 + 18 = 0. Let z(v) = -v**3 + 7*v**2 - 4*v - 3. Let r be z(u). Calculate the remainder when r/(-3) - (-2 - 87) is divided by 22.
20
Suppose -2*v - 112 = 5*h - 3*h, 2*v + 4*h = -122. Let q = 22 - v. What is the remainder when q is divided by 25?
23
Suppose 2*x = -x - 5*p + 119, -106 = -2*x + 2*p. Let o = x - 13. Calculate the remainder when o is divided by 64/4 - -2*1.
17
Let v be ((-2)/(-30)*5)/(3/27). Suppose j = v + 5. Calculate the remainder when 60 is divided by j.
4
Calculate the remainder when 195 is divided by (-420)/(-18)*126/49.
15
Suppose -2*c = 3*w - c - 626, 8 = -2*c. What is the remainder when w is divided by 53?
51
Let i = 35 - 20. Calculate the remainder when 54 is divided by i.
9
What is the remainder when 3*-1*4172/(-42) is divided by 25?
23
Suppose -3*t - 8 = -7*t. Suppose m - t*m = 675. What is the remainder when 20 is divided by (-4)/(-14) - m/63?
9
Suppose -3*g + 10 = 2*g. Suppose -5*s = -v - 52 + g, -2*v - 10 = -s. Calculate the remainder when s is divided by 4.
2
Suppose 2*d + 2*d + 56 = -4*w, 0 = w - 5*d - 16. What is the remainder when (-10)/(-4)*(12 - 0) is divided by (-180)/w - (-4)/(-1)?
14
Suppose -c = 5*o - 96, -o = 4*c - 6*o - 484. What is the remainder when c is divided by 4?
0
What is the remainder when (123/4)/((-83)/(-16) - 5) is divided by 33?
32
Suppose 2*s - 4400 = -42*s. Calculate the remainder when s is divided by 37.
26
Let y = -2 + 40. What is the remainder when y is divided by 26?
12
Suppose 0 = -3*r + 138 + 273. What is the remainder when r is divided by 18?
11
Suppose 0 = 7*r - 3*r - 72. What is the remainder when 237 is divided by 868/r - (-6)/(-27)?
45
Suppose 10*z = 3*z + 273. Let m = 43 - z. What is the remainder when 18 is divided by m?
2
Let m(v) = -v**2 + 10*v - 8. What is the remainder when 4 is divided by m(1)?
0
Let z(j) = 2*j**2 - 13*j + 24. Calculate the remainder when 180 is divided by z(8).
36
Suppose x - 18 - 145 = -4*p, 3*x = -2*p + 79. Calculate the remainder when 583 is divided by p.
9
Let m(b) = b**3 + 42*b**2 + 40*b + 97. What is the remainder when m(-41) is divided by 49?
40
Let h(d) = -3*d + 5. Let o be (((-56)/(-21))/(-8))/((-2)/(-6)). Calculate the remainder when 13 is divided by h(o).
5
Let j(i) = -7*i - 4 + 10*i - 2*i. Let z be j(9). Suppose -3*t = -z*k + 54 - 3, k - 18 = -2*t. Calculate the remainder when k is divided by 7.
5
Suppose h + 3*h = -4*k + 36, -h + 14 = 2*k. Suppose 5*j = -4*x + 152, -h*j + 140 - 40 = -4*x. What is the remainder when 139 is divided by j?
27
Let c = 725 - 713. What is the remainder when 72 is divided by c?
0
Let l(j) = -j**2 + 15*j + 26. Calculate the remainder when 44 is divided by l(15).
18
Suppose -5*r = -4*r + k + 2, 0 = 4*k + 4. What is the remainder when r*-7*(8 - 0) is divided by 15?
11
Suppose 35*k - 3850 = 6755. What is the remainder when k is divided by 34?
31
Suppose 55*g - 228 = -8. Suppose 2*t - 16 = 2*s + 2*s, -2*t + 6 = s. Let h(i) = -4*i. What is the remainder when h(s) is divided by g?
0
Let v = 15 - 11. Suppose v*a - 67 = -4*d + 3*d, 3*a - 59 = d. Calculate the remainder when a is divided by 10.
8
Let r(p) = 570*p**3 + 2*p**2 - 4*p + 2. Calculate the remainder when r(1) is divided by 44.
42
Let t(u) = -2*u + 109. Suppose 15 = 4*p - 69. What is the remainder when t(-7) is divided by p?
18
Let r be (-69)/46*4/3. Calculate the remainder when r - 1 - 10/(-5) - -81 is divided by 14.
10
Let y = -718 - -757. Calculate the remainder when y is divided by 23.
16
Let w = -30 - -36. Suppose w*o = 536 - 200. What is the remainder when o is divided by 20?
16
Let x(n) = 14*n**3 - 6*n**2 - 7*n + 2. Let d be x(-2). Let k = d - -167. Calculate the remainder when k is divided by 12.
11
What is the remainder when 130 + 5 + -4 - (-11 + 6) is divided by 6?
4
Let z = 354 + -331. What is the remainder when z is divided by 13?
10
Suppose -4*p - 25 = 5*z - 6*z, -2*p + 25 = z. Calculate the remainder when z is divided by 21.
4
Let o = -3841 - -3879. What is the remainder when o is divided by 1 - (-5)/((-5)/(-12))?
12
Let a(t) = 241*t - 465. What is the remainder when a(3) is divided by 24?
18
Let z = 429 - 23. Suppose 0 = -4*d + 2*j + z, 0*d + 4*d - 415 = -j. What is the remainder when d is divided by 35?
33
Suppose 2*z + 4*a + 8 - 60 = 0, 3*z = a + 106. Suppose -18 = -4*u + z. Calculate the remainder when (-1 + 7/21)/(4/(-222)) is divided by u.
11
Let j(y) = 48*y**3 - 3*y**2 + 3. Let s(p) = 49*p**3 - 4*p**2 - p + 3. Let h(d) = -5*j(d) + 4*s(d). Calculate the remainder when h(-1) is divided by 25.
19
What is the remainder when 26 is divided by 1/((-15)/(-57))*5?
7
Let g = -414 - -460. Calculate the remainder when 227 is divided by g.
43
Let w = -74 - -89. Suppose -t + 24 = -2*u, 0 = -4*t + u + 7 + 103. Calculate the remainder when t is divided by w.
13
Let d = 2001 + -1671. Calculate the remainder when d is divided by 83.
81
Let p(q) = -12*q**3 + q**2. Suppose -7*a - 897 + 120 = 0. What is the remainder when ((-16)/24)/(2/a) is divided by p(-1)?
11
Suppose 0 = -x - f + 962, 7*x = 3*x - 2*f + 3854. Calculate the remainder when x is divided by 42.
41
Suppose -y - 4*h + 2 = y, 3*h = 4*y - 15. Suppose 0 = d - 3*g - 4, -y*d + 82 - 20 = g. Suppose -f + 28 = -d. Calculate the remainder when f is divided by 16.
15
Suppose 7*j + 5 = 8*j, 2*h + 3*j - 41 = 0. What is the remainder when 62 is divided by h?
10
Let q = 55 + -34. Let m = 47 - -34. Calculate the remainder when m is divided by q.
18
Let q(v) = -v**3 + 3